{"id":383,"date":"2025-07-24T11:09:44","date_gmt":"2025-07-24T09:09:44","guid":{"rendered":"https:\/\/energiafrance.fr\/?page_id=383"},"modified":"2025-07-24T11:46:45","modified_gmt":"2025-07-24T09:46:45","slug":"contact","status":"publish","type":"page","link":"https:\/\/energiafrance.fr\/index.php\/contact\/","title":{"rendered":"Contact"},"content":{"rendered":"\t\t<div data-elementor-type=\"wp-page\" data-elementor-id=\"383\" class=\"elementor elementor-383\">\n\t\t\t\t<div class=\"elementor-element elementor-element-319f150 e-flex e-con-boxed e-con e-parent\" data-id=\"319f150\" data-element_type=\"container\" data-settings=\"{&quot;background_background&quot;:&quot;gradient&quot;}\">\n\t\t\t\t\t<div class=\"e-con-inner\">\n\t\t\t\t<div class=\"elementor-element elementor-element-32b8c61 elementor-widget elementor-widget-heading\" data-id=\"32b8c61\" data-element_type=\"widget\" data-widget_type=\"heading.default\">\n\t\t\t\t<div class=\"elementor-widget-container\">\n\t\t\t\t\t<h2 class=\"elementor-heading-title elementor-size-default\">Contactez notre \u00e8quipe<\/h2>\t\t\t\t<\/div>\n\t\t\t\t<\/div>\n\t\t\t\t<div class=\"elementor-element elementor-element-ff24ae6 elementor-widget-divider--view-line elementor-widget elementor-widget-divider\" data-id=\"ff24ae6\" data-element_type=\"widget\" data-widget_type=\"divider.default\">\n\t\t\t\t<div class=\"elementor-widget-container\">\n\t\t\t\t\t\t\t<div class=\"elementor-divider\">\n\t\t\t<span class=\"elementor-divider-separator\">\n\t\t\t\t\t\t<\/span>\n\t\t<\/div>\n\t\t\t\t\t\t<\/div>\n\t\t\t\t<\/div>\n\t\t\t\t<div class=\"elementor-element elementor-element-3f9cf66 elementor-widget elementor-widget-text-editor\" data-id=\"3f9cf66\" data-element_type=\"widget\" data-widget_type=\"text-editor.default\">\n\t\t\t\t<div class=\"elementor-widget-container\">\n\t\t\t\t\t\t\t\t\t<p>Notre \u00e9quipe est \u00e0 votre disposition pour toute demande d&#8217;information, de devis ou de rendez-vous concernant nos solutions en \u00e9nergie solaire et en climatisation. N&#8217;h\u00e9sitez pas \u00e0 nous contacter, nous serons ravis de vous accompagner dans vos d\u00e9marches.<\/p>\t\t\t\t\t\t\t\t<\/div>\n\t\t\t\t<\/div>\n\t\t\t\t\t<\/div>\n\t\t\t\t<\/div>\n\t\t<div class=\"elementor-element elementor-element-1ed081d e-flex e-con-boxed e-con e-parent\" data-id=\"1ed081d\" data-element_type=\"container\">\n\t\t\t\t\t<div class=\"e-con-inner\">\n\t\t<div class=\"elementor-element elementor-element-bdaf0f0 e-con-full e-flex e-con e-child\" data-id=\"bdaf0f0\" data-element_type=\"container\">\n\t\t\t\t<div class=\"elementor-element elementor-element-bfca9af elementor-widget elementor-widget-google_maps\" data-id=\"bfca9af\" data-element_type=\"widget\" data-widget_type=\"google_maps.default\">\n\t\t\t\t<div class=\"elementor-widget-container\">\n\t\t\t\t\t\t\t<div class=\"elementor-custom-embed\">\n\t\t\t<iframe loading=\"lazy\"\n\t\t\t\t\tsrc=\"https:\/\/maps.google.com\/maps?q=7%20Rue%20Gilbert%20Clerfayt%2C%2094300%20Vincennes&#038;t=m&#038;z=13&#038;output=embed&#038;iwloc=near\"\n\t\t\t\t\ttitle=\"7 Rue Gilbert Clerfayt, 94300 Vincennes\"\n\t\t\t\t\taria-label=\"7 Rue Gilbert Clerfayt, 94300 Vincennes\"\n\t\t\t><\/iframe>\n\t\t<\/div>\n\t\t\t\t\t\t<\/div>\n\t\t\t\t<\/div>\n\t\t\t\t<\/div>\n\t\t<div class=\"elementor-element elementor-element-cea9fcd e-con-full e-flex e-con e-child\" data-id=\"cea9fcd\" data-element_type=\"container\">\n\t\t\t\t<div class=\"elementor-element elementor-element-231e665 elementor-widget elementor-widget-heading\" data-id=\"231e665\" data-element_type=\"widget\" data-widget_type=\"heading.default\">\n\t\t\t\t<div class=\"elementor-widget-container\">\n\t\t\t\t\t<h2 class=\"elementor-heading-title elementor-size-default\">Energia France sas<\/h2>\t\t\t\t<\/div>\n\t\t\t\t<\/div>\n\t\t\t\t<div class=\"elementor-element elementor-element-02aa207 elementor-widget elementor-widget-text-editor\" data-id=\"02aa207\" data-element_type=\"widget\" data-widget_type=\"text-editor.default\">\n\t\t\t\t<div class=\"elementor-widget-container\">\n\t\t\t\t\t\t\t\t\t<p>7 Rue Gilbert Clerfayt<br \/>94300 Vincennes<\/p><p>SIRET: 943448019 00019<br \/>RCS: Cr\u00e9teil<br \/>Capital social: \u20ac 100.000,00<\/p><p>info@energiafrance.fr<br \/>+33 (0)784792736<\/p>\t\t\t\t\t\t\t\t<\/div>\n\t\t\t\t<\/div>\n\t\t\t\t<\/div>\n\t\t\t\t\t<\/div>\n\t\t\t\t<\/div>\n\t\t<div class=\"elementor-element elementor-element-50a2713 e-flex e-con-boxed e-con e-parent\" data-id=\"50a2713\" data-element_type=\"container\">\n\t\t\t\t\t<div class=\"e-con-inner\">\n\t\t<div class=\"elementor-element elementor-element-8cd5258 e-con-full e-flex e-con e-child\" data-id=\"8cd5258\" data-element_type=\"container\">\n\t\t\t\t<div class=\"elementor-element elementor-element-beac6e9 elementor-widget elementor-widget-heading\" data-id=\"beac6e9\" data-element_type=\"widget\" data-widget_type=\"heading.default\">\n\t\t\t\t<div class=\"elementor-widget-container\">\n\t\t\t\t\t<h2 class=\"elementor-heading-title elementor-size-default\">Obtenez un devis gratuit<\/h2>\t\t\t\t<\/div>\n\t\t\t\t<\/div>\n\t\t\t\t<\/div>\n\t\t\t\t\t<\/div>\n\t\t\t\t<\/div>\n\t\t<div class=\"elementor-element elementor-element-db9d923 e-flex e-con-boxed e-con e-parent\" data-id=\"db9d923\" data-element_type=\"container\">\n\t\t\t\t\t<div class=\"e-con-inner\">\n\t\t<div class=\"elementor-element elementor-element-43e3a92 e-con-full e-flex e-con e-child\" data-id=\"43e3a92\" data-element_type=\"container\">\n\t\t<div class=\"elementor-element elementor-element-08a3468 e-con-full e-flex e-con e-child\" data-id=\"08a3468\" data-element_type=\"container\">\n\t\t\t\t<\/div>\n\t\t<div class=\"elementor-element elementor-element-eec0fb4 e-con-full e-flex e-con e-child\" data-id=\"eec0fb4\" data-element_type=\"container\">\n\t\t\t\t<div class=\"elementor-element elementor-element-22e5498 elementor-widget elementor-widget-shortcode\" data-id=\"22e5498\" data-element_type=\"widget\" data-widget_type=\"shortcode.default\">\n\t\t\t\t<div class=\"elementor-widget-container\">\n\t\t\t\t\t\t\t<div class=\"elementor-shortcode\">[contact-form-7 id=\"226588e\" title=\"Modulo di contatto 1\"]<\/div>\n\t\t\t\t\t\t<\/div>\n\t\t\t\t<\/div>\n\t\t\t\t<\/div>\n\t\t<div class=\"elementor-element elementor-element-3419bdf e-con-full e-flex e-con e-child\" data-id=\"3419bdf\" data-element_type=\"container\">\n\t\t\t\t<\/div>\n\t\t\t\t<\/div>\n\t\t\t\t\t<\/div>\n\t\t\t\t<\/div>\n\t\t\t\t<\/div>\n\t\t","protected":false},"excerpt":{"rendered":"<p>Contactez notre \u00e8quipe Notre \u00e9quipe est \u00e0 votre disposition pour toute demande d&#8217;information, de devis ou de rendez-vous concernant nos solutions en \u00e9nergie solaire et en climatisation. N&#8217;h\u00e9sitez pas \u00e0 nous contacter, nous serons ravis de vous accompagner dans vos d\u00e9marches. Energia France sas 7 Rue Gilbert Clerfayt94300 Vincennes SIRET: 943448019 00019RCS: Cr\u00e9teilCapital social: \u20ac [&hellip;]<\/p>\n","protected":false},"author":1,"featured_media":0,"parent":0,"menu_order":0,"comment_status":"closed","ping_status":"closed","template":"elementor_header_footer","meta":{"footnotes":""},"class_list":["post-383","page","type-page","status-publish","hentry","entry"],"_links":{"self":[{"href":"https:\/\/energiafrance.fr\/index.php\/wp-json\/wp\/v2\/pages\/383","targetHints":{"allow":["GET"]}}],"collection":[{"href":"https:\/\/energiafrance.fr\/index.php\/wp-json\/wp\/v2\/pages"}],"about":[{"href":"https:\/\/energiafrance.fr\/index.php\/wp-json\/wp\/v2\/types\/page"}],"author":[{"embeddable":true,"href":"https:\/\/energiafrance.fr\/index.php\/wp-json\/wp\/v2\/users\/1"}],"replies":[{"embeddable":true,"href":"https:\/\/energiafrance.fr\/index.php\/wp-json\/wp\/v2\/comments?post=383"}],"version-history":[{"count":13,"href":"https:\/\/energiafrance.fr\/index.php\/wp-json\/wp\/v2\/pages\/383\/revisions"}],"predecessor-version":[{"id":396,"href":"https:\/\/energiafrance.fr\/index.php\/wp-json\/wp\/v2\/pages\/383\/revisions\/396"}],"wp:attachment":[{"href":"https:\/\/energiafrance.fr\/index.php\/wp-json\/wp\/v2\/media?parent=383"}],"curies":[{"name":"wp","href":"https:\/\/api.w.org\/{rel}","templated":true}]}}